prime?
False
Is 73802759 a prime number?
True
Is 6184547 prime?
True
Is 4321003 composite?
False
Is 17567455 composite?
True
Is 14436559 prime?
True
Is 409276691 composite?
False
Is 25368061 prime?
False
Is 1256638 a composite number?
True
Is 13812059 prime?
True
Is 27673 a prime number?
True
Is 61892027 prime?
False
Is 1785967 a prime number?
False
Is 167069797 a composite number?
True
Is 4267517 composite?
False
Is 21565409 prime?
True
Is 83066371 a composite number?
True
Is 6244573 prime?
True
Is 20959 a prime number?
True
Is 58976201 composite?
False
Is 400520453 composite?
False
Is 302418995 composite?
True
Is 1921097 composite?
False
Is 21792493 a composite number?
False
Is 29503619 prime?
False
Is 1045577 a prime number?
False
Is 351779 prime?
True
Is 17295203 a composite number?
True
Is 73476113 composite?
False
Is 43097269 a composite number?
False
Is 10404059 a prime number?
False
Is 193365697 a prime number?
False
Is 760689941 composite?
True
Is 669540649 a composite number?
True
Is 207877259 a prime number?
True
Is 1772959 composite?
False
Is 1746779 a composite number?
False
Is 14186897 a prime number?
True
Is 65464865 prime?
False
Is 27723221 composite?
False
Is 3413113 prime?
False
Is 5860801 composite?
True
Is 34073069 a composite number?
True
Is 1200058861 a prime number?
False
Is 13254637 prime?
False
Is 318097543 a prime number?
False
Is 20550941 prime?
True
Is 60758041 composite?
False
Is 711671 a prime number?
False
Is 22646083 prime?
True
Is 362970359 prime?
True
Is 17308951 prime?
False
Is 9010619 a composite number?
True
Is 4308607 a prime number?
False
Is 45636427 prime?
False
Is 2079071 composite?
False
Is 181834615 a composite number?
True
Is 27351971 a prime number?
True
Is 4136177 a prime number?
False
Is 30318203 a composite number?
False
Is 130941991 composite?
False
Is 2178541 a prime number?
True
Is 53080837 a prime number?
True
Is 1768073951 prime?
False
Is 69319639 a prime number?
False
Is 1848551 composite?
False
Is 813647 a composite number?
False
Is 2462513 composite?
False
Is 126662363 a prime number?
True
Is 35449489 prime?
True
Is 27420243 composite?
True
Is 318474469 prime?
False
Is 2436271 composite?
True
Is 1907567 prime?
True
Is 46786507 a composite number?
True
Is 23137 prime?
False
Is 177277 prime?
False
Is 31533911 prime?
True
Is 3285019 a composite number?
False
Is 1886062 composite?
True
Is 9447369 prime?
False
Is 1908463 prime?
False
Is 3272059 composite?
True
Is 21534659 prime?
True
Is 75255913 a composite number?
False
Is 2715023 prime?
False
Is 337204169 a composite number?
False
Is 68409821 prime?
True
Is 32281157 a composite number?
True
Is 666511585 composite?
True
Is 17231083 prime?
True
Is 3809891 a composite number?
False
Is 2326763 prime?
True
Is 2922089 prime?
False
Is 385921799 a prime number?
True
Is 28272499 prime?
True
Is 96889109 composite?
True
Is 13438727 a composite number?
True
Is 1433549 composite?
True
Is 2675527 a composite number?
False
Is 116148397 composite?
True
Is 123970159 a prime number?
False
Is 112703567 composite?
False
Is 23657819 a prime number?
True
Is 101393767 composite?
False
Is 229209061 a prime number?
True
Is 238367581 a composite number?
False
Is 24989483 a composite number?
True
Is 143032559 prime?
False
Is 77916457 prime?
False
Is 4521551 prime?
True
Is 2301361 prime?
True
Is 36728189 a composite number?
False
Is 5184833 a composite number?
False
Is 24607101 a prime number?
False
Is 1545731 a prime number?
False
Is 73539337 composite?
False
Is 30562237 prime?
False
Is 85556479 composite?
False
Is 2884357 a prime number?
False
Is 10077533 a composite number?
False
Is 14737031 composite?
False
Is 12893561 prime?
True
Is 27973943 prime?
True
Is 18899137 a prime number?
False
Is 7264351 a prime number?
True
Is 73468559 a prime number?
True
Is 7127779 prime?
True
Is 198461 composite?
False
Is 678485 prime?
False
Is 92015713 a composite number?
True
Is 98051809 prime?
False
Is 37316441 a prime number?
True
Is 6735371 prime?
False
Is 1745281 prime?
True
Is 104075281 a composite number?
True
Is 5980663 composite?
True
Is 21297179 a composite number?
True
Is 26509211 composite?
False
Is 350392703 a composite number?
True
Is 6658879 a prime number?
False
Is 55085227 a prime number?
True
Is 26808695 composite?
True
Is 42324241 prime?
True
Is 1266149 composite?
False
Is 27335857 a prime number?
False
Is 90499139 prime?
False
Is 32291891 prime?
False
Is 19582777 a composite number?
False
Is 485161 a composite number?
False
Is 1012402 a composite number?
True
Is 176999 a prime number?
False
Is 8793254 a prime number?
False
Is 36520949 prime?
True
Is 5578657 a prime number?
False
Is 20231551 a prime number?
True
Is 12816101 composite?
True
Is 2996329 a prime number?
False
Is 224335 a prime number?
False
Is 4201889 prime?
True
Is 226709783 prime?
True
Is 535825613 prime?
True
Is 2855153 a prime number?
False
Is 57901267 a prime number?
True
Is 205589359 a composite number?
False
Is 2093881 a composite number?
False
Is 326336887 a prime number?
False
Is 2480791 a prime number?
False
Is 331291 a prime number?
False
Is 14329121 a prime number?
True
Is 83957591 prime?
True
Is 200504903 a composite number?
False
Is 996803 a composite number?
False
Is 61506619 composite?
False
Is 12048481 composite?
True
Is 2119519315 a composite number?
True
Is 16831883 a composite number?
True
Is 27443281 composite?
True
Is 10432157 a prime number?
True
Is 26395783 prime?
False
Is 24024577 a composite number?
False
Is 24443233 a prime number?
False
Is 4839383 composite?
True
Is 2765471 composite?
False
Is 372876059 a composite number?
False
Is 9356609 a prime number?
True
Is 256080619 composite?
False
Is 270532549 a composite number?
True
Is 441671947 a composite number?
False
Is 387833 a composite number?
True
Is 74861341 a composite number?
True
Is 764717 a composite number?
False
Is 421739 a prime number?
True
Is 589688347 a composite number?
False
Is 2020767893 a prime number?
True
Is 697217 a composite number?
False
Is 40462021 a prime number?
True
Is 2213137 prime?
True
Is 38057 a prime number?
False
Is 564162059 a composite number?
True
Is 318937823 composite?
False
Is 27281317 a prime number?
False
Is 149944435 a composite number?
True
Is 38778197 composite?
False
Is 886675297 composite?
False
Is 45649207 a prime number?
False
Is 75284641 a prime number?
True
Is 10007051 a prime number?
True
Is 2569439 composite?
False
Is 1462229 a prime number?
True
Is 13160767 composite?
True
Is 2720071 a prime number?
True
Is 12680549 composite?
True
Is 18201181 composite?
False
Is 3583091 a composite number?
False
Is 35638586 a composite number?
True
Is 10200851 a composite number?
False
Is 987907 prime?
False
Is 26335201 prime?
True
Is 254353927 a composite number?
True
Is 63071 prime?
False
Is 1993001 a composite number?
True
Is 1234427 composite?
True
Is 81188389 prime?
False
Is 107901609 prime?
False
Is 38043241 a composite number?
True
Is 229681 a composite number?
False
Is 165008743 composite?
True
Is 10235387 a composite number?
False
Is 2009783 composite?
False
Is 17203213 prime?
True
Is 54833683 prime?
True
Is 430762 prime?
False
Is 32640067 composite?
True
Is 63489319 a composite number?
False
Is 4033867 a composite number?
True
Is 271961 a composite number?
True
Is 101189939 a composite number?
True
Is 73750207 a prime number?
True
Is 126422089 prime?
True
Is 172053691 a prime number?
False
Is 10455851 a prime number?
False
Is 7937381 a composite number?
True
Is 2468821 prime?
True
Is 35348074 a composite number?
True
Is 104651 prime?
True
Is 383605874 a composite number?
True
Is 139258447 composite?
False
Is 3722515 composite?
True
Is 2334341 a composite number?
True
Is 60253 a composite number?
True
Is 92344705 prime?
False
Is 121443187 prime?
False
Is 32798929 a prime number?
True
Is 323673661 a prime number?
True
Is 27730841 a composite number?
False
Is 255559 composite?
True
Is 55851 a composite number?
True
Is 317112929 composite?
True
Is 371409413 a prime number?
False
Is 1305917 a composite number?
True
Is 2805157 a prime number?
True
Is 1474043 a prime number?
False
Is 85537 a composite number?
True
Is 52259387 a prime number?
True
Is 2075011 prime?
True
Is 78259 a 